4f
In base 5, what is -4331002141444 - -1?
-4331002141443
In base 10, what is -13 - -17953939?
17953926
In base 14, what is aa211 + -24c?
a9da3
In base 12, what is 4 - -42063a?
420642
In base 12, what is 10b017 + 269?
10b284
In base 15, what is -2b8e6a - -5?
-2b8e65
In base 4, what is -1132001033111 - 12?
-1132001033123
In base 13, what is -9 - -465961?
465955
In base 8, what is 12330 + 200133?
212463
In base 15, what is -3ee - -2dda0?
2d9a1
In base 10, what is -1104357 + 12?
-1104345
In base 8, what is 2 + 271501767?
271501771
In base 3, what is 2200120 - -2011112?
11212002
In base 12, what is -8b9639b - 24?
-8b96403
In base 5, what is 40 + -1312114324?
-1312114234
In base 7, what is 31255 - 151?
31104
In base 6, what is 4415530 - 122?
4415404
In base 14, what is -876a986 + -a?
-876a992
In base 10, what is 1754280 + 7?
1754287
In base 2, what is -100011011110111011110001111 - 10?
-100011011110111011110010001
In base 9, what is -520235 + -280?
-520525
In base 3, what is -102201100221211 - -10?
-102201100221201
In base 3, what is -12222 + -12202022012?
-12202112011
In base 10, what is -2305507 - 102?
-2305609
In base 10, what is 11889098 - -32?
11889130
In base 5, what is -32 + -1311412?
-1311444
In base 3, what is -20020121201 - 121121?
-20021020022
In base 6, what is 4554 + 2150003?
2155001
In base 9, what is 12 + -55447?
-55435
In base 15, what is 126c + -b52?
61a
In base 14, what is 230c - -bd6?
3104
In base 14, what is 2d + -2b6c78?
-2b6c49
In base 2, what is -1010110 + 110100010110001000?
110100010100110010
In base 7, what is -2143523 + -410?
-2144233
In base 12, what is -883 + 18b2?
102b
In base 12, what is 3 - -8648a51?
8648a54
In base 7, what is -320236665 + -3?
-320240001
In base 2, what is -10111000010010 + -10000011110?
-11001000110000
In base 3, what is 12120111 - -20221021212?
21010212100
In base 14, what is 5 + -8aa76d8?
-8aa76d3
In base 5, what is -201 + -1300304102?
-1300304303
In base 7, what is -10325032 + 341?
-10324361
In base 12, what is -32984 + -521?
-332a5
In base 8, what is -331424075 + 1?
-331424074
In base 13, what is 2 + -1460248?
-1460246
In base 10, what is -8190 + -1854?
-10044
In base 16, what is -7f0 + ca2?
4b2
In base 15, what is 2e - -1e5de4?
1e5e23
In base 13, what is 134 - 242a?
-22c6
In base 16, what is 6fc3b59 + 4?
6fc3b5d
In base 9, what is -28 + 554011?
553872
In base 3, what is 1011121222111200 - -1?
1011121222111201
In base 10, what is 15 - -5585449?
5585464
In base 13, what is -274bb + 37a?
-27141
In base 16, what is 3 - 230e54?
-230e51
In base 5, what is 31440444 - -43?
31441042
In base 8, what is -3310424566 + 0?
-3310424566
In base 10, what is -1693 - 377482?
-379175
In base 2, what is 1011110101001011 + -1010010001?
1011101010111010
In base 7, what is 1616 - -53641?
55560
In base 12, what is -1809296 - 28?
-1809302
In base 10, what is -7 + 103406275?
103406268
In base 7, what is 0 + -15446444?
-15446444
In base 13, what is 3 - -948b269?
948b26c
In base 2, what is 1011110 + 1011101101101?
1011111001011
In base 9, what is 5170748 - -1?
5170750
In base 7, what is -5 - -332345166?
332345161
In base 10, what is 694353 - 141?
694212
In base 7, what is -1 - -5612551?
5612550
In base 2, what is 1011001000100001001001011 - 11?
1011001000100001001001000
In base 11, what is 162a900 + -32?
162a879
In base 14, what is 14b23c93 + -1?
14b23c92
In base 5, what is 303433134021 + -3?
303433134013
In base 15, what is -383bb93 + -3?
-383bb96
In base 6, what is 123 - 5304423?
-5304300
In base 11, what is -17a6a + 2a31?
-15039
In base 15, what is c3a058e - -7?
c3a0596
In base 8, what is -125 - 52?
-177
In base 6, what is 14343410 + -12?
14343354
In base 13, what is 528 - -1702?
1c2a
In base 2, what is 11 - -10111111100010000100?
10111111100010000111
In base 5, what is 333104410 - 222?
333104133
In base 15, what is -16037ea3 - 1?
-16037ea4
In base 15, what is 72 - b7a5?
-b733
In base 2, what is 11011011101000000 + -11111001?
11011011001000111
In base 7, what is -3052444134 - -5?
-3052444126
In base 12, what is -1a8285a1 - 2?
-1a8285a3
In base 4, what is -330030322311 + -3?
-330030322320
In base 7, what is 0 + 15032531?
15032531
In base 15, what is 3e - -901a?
9059
In base 2, what is -110101000010101001 + 101001?
-110101000010000000
In base 11, what is 5 + -7400123?
-7400119
In base 4, what is 123300333332330 - -11?
123300333333001
In base 9, what is -3 + 118750251?
118750247
In base 13, what is -10058720 - 2?
-10058722
In base 8, what is 5442412 - 1?
5442411
In base 15, what is 11ce - -c11?
1de0
In base 5, what is -4144 + -23421424?
-23431123
In base 15, what is -31bc16 + 8?
-31bc0d
In base 4, what is -121011111 + -101?
-121011212
In base 4, what is 3 - 2132112032122?
-2132112032113
In base 5, what is -333211023 - 4?
-333211032
In base 8, what is -2 - -7367573?
7367571
In base 6, what is 134521330240 - 4?
134521330232
In base 16, what is 665cd - b03?
65aca
In base 12, what is -150b82 + -44?
-151006
In base 3, what is -12211012 - -2011110?
-10122202
In base 8, what is -153441 - -12?
-153427
In base 6, what is 132203 - 134043?
-1440
In base 15, what is -5365d4e3 - -2?
-5365d4e1
In base 2, what is -1011100 + -101010011101001000?
-101010011110100100
In base 11, what is -6 - 3149618?
-3149623
In base 2, what is -111 + 10011010110111101001100?
10011010110111101000101
In base 16, what is d41c + 37?
d453
In base 16, what is -13386 - 18a6?
-14c2c
In base 13, what is 153 + -a7a36?
-a78b3
In base 6, what is 1 - 14351412451?
-14351412450
In base 11, what is -233 - -206364?
206131
In base 12, what is 5 + 1151b71?
1151b76
In base 3, what is 2000222 + 1102?
2002101
In base 8, what is 5612 - 64303?
-56471
In base 11, what is -5 - -727208?
727203
In base 3, what is -20201 - -202102222?
202012021
In base 10, what is 965 - -9033?
9998
In base 2, what is -1100111010 + -11001101000?
-100110100010
In base 11, what is 1 - -7661657?
7661658
In base 4, what is 23023 + -13112100?
-13023011
In base 4, what is 12102 + -23013301?
-23001133
In base 4, what is -100221202 + 1232?
-100213310
In base 7, what is 31 + -54364254?
-54364223
In base 3, what is -11012121 + 1101101000?
1020011102
In base 7, what is -53 - 3136064?
-3136150
In base 12, what is 3 + 8551b2?
8551b5
In base 5, what is 401032213 - 1?
401032212
In base 9, what is 4 + -36110164?
-36110160
In base 14, what is -1 + -725b6?
-725b7
In base 8, what is -1145 - -6634122?
6632755
In base 16, what is -bd3 - 2c15?
-37e8
In base 14, what is -16ab287 + -3?
-16ab28a
In base 15, what is -10 - 71b5?
-71c5
In base 2, what is 10001011011101101100011101 - -101?
10001011011101101100100010
In base 3, what is 110011101110012 + -1?
110011101110011
In base 3, what is 2120100 + -1112221?
1000102
In base 15, what is 3 - 378a451?
-378a44d
In base 3, what is 12 + 12101022120022000?
12101022120022012
In base 2, what is -11110011111100011 - -11011011?
-11110011100001000
In base 2, what is -1111101010010011111101 + 1001?
-1111101010010011110100
In base 9, what is -263706 + -12?
-263718
In base 11, what is -5 - -197476a4?
1974769a
In base 16, what is 922 + -5827?
-4f05
In base 7, what is -12633 - -1210435?
1164502
In base 9, what is -35 - -201584?
201548
In base 5, what is 43100 - -13201323?
13244423
In base 13, what is -94 - 40aa6a?
-40ab31
In base 7, what is 3 + 25133021?
25133024
In base 10, what is 22931 - 21699?
1232
In base 9, what is 1548883 - 104?
1548778
In base 7, what is -1 + 425410610?
425410606
In base 11, what is -647214 - 12?
-647226
In base 11, what is 174a43 + -3?
174a40
In base 16, what is 243a6 + -46?
24360
In base 10, what is 691710326 - -1?
691710327
In base 9, what is 622532330 + 5?
622532335
In base 9, what is 703430 + 4?
703434
In base 16, what is -95 - -122a9d?
122a08
In base 16, what is 3 - 22b530?
-22b52d
In base 11, what is 125a20a3 + -4?
125a209a
In base 14, what is 175 + -35c720?
-35c589
In base 3, what is 1110 + 1221010110?
1221011220
In base 6, what is -5 + -431433153?
-431433202
In base 5, what is -2212400102 - 1?
-2212400103
In base 10, what is -2007641 - 71?
-2007712
In base 11, what is 3 + 2255949?
2255951
In base 6, what is 313 - -2022541?
2023254
In base 14, what is -1a5483 - -6?
-1a547b
In base 11, what is -551a - -1125?
-43a5
In base 13, what is 16591 + -43?
1654b
In bas